ctors of m(f).
19
Suppose 6*a - 117 = 3*a. Suppose 2*p = 3*f + 202 + a, -3*f - 485 = -4*p. What are the prime factors of p?
2, 61
List the prime factors of (-6825)/(-28) - (-15)/(-20).
3
Suppose 154*r + 1532 = 156*r. Suppose 4*p + 683 = 3*q, 4*q + 4*p - 126 = r. List the prime factors of q.
3, 5
Let c = 2932 + -2030. What are the prime factors of c?
2, 11, 41
Suppose 7*i = 1528 + 446. Suppose -i + 782 = 4*j. Suppose 5*d - 1 = -a + 24, -5*a + 3*d + j = 0. List the prime factors of a.
5
Suppose -12*h + 1355 = -7*h. Let o = h - 188. List the prime factors of o.
83
Suppose -3*x + 3*a + 1013 + 22 = 0, 2*x = -4*a + 678. What are the prime factors of x?
7
Let i(p) be the third derivative of -p**6/120 + 3*p**5/20 + 7*p**4/24 + 5*p**3/6 - 16*p**2. What are the prime factors of i(9)?
2, 17
Let f(t) = -2*t + 19 + t + 6 - t**2. Let x be f(0). Let k = 46 - x. What are the prime factors of k?
3, 7
Let l = 59 + -59. Suppose -f + 48 = -l*f. What are the prime factors of f?
2, 3
Suppose -4*v = 4*v + 160. Let k = 68 + v. List the prime factors of k.
2, 3
Let s(l) = 13*l**3 - 5*l**2 + 41*l + 8. What are the prime factors of s(5)?
3, 571
Let s = 4 + -4. Suppose 5*v + s = 5. What are the prime factors of (9 - 0)*(v - 0)?
3
Suppose 0 = 6*v - 21*v + 60. Suppose -2*u = -10, -2*s + v*u + 356 = -136. List the prime factors of s.
2
Suppose 5*u + 470 = 5*a, 4*a - 5*u + 57 = 437. Let o = 211 - a. List the prime factors of o.
11
List the prime factors of (-6)/(-8) + (108086/(-8))/(-11).
1229
Let w = 30 - 25. Suppose w*b = -q + 650, 3*q + 0*q = 4*b - 520. List the prime factors of b.
2, 5, 13
Let m = -5 + -103. Suppose 0 = 4*n - 490 - 134. Let h = n + m. What are the prime factors of h?
2, 3
Suppose 4*d = -10*l + 5*l + 9, -4*d = 2*l + 6. Let q be 4/(-12)*3*-1. Suppose 3*o = l + q. List the prime factors of o.
2
Let p be (-6)/2 - 3/(9/(-330)). Suppose -4*y + 469 = -p. List the prime factors of y.
2, 3
Suppose -4*r - 3*i = -1007, -22*r - 3*i = -17*r - 1258. What are the prime factors of r?
251
Suppose 10*l - 2965 = 285. List the prime factors of l.
5, 13
Let b(d) = -14*d. Let a be b(-1). Suppose -w = -i + 19 + 7, 4*i + 3*w = 132. Let v = i + a. What are the prime factors of v?
2, 11
Let q(k) = k + 8. Let a(r) = 3 + 2 - 3*r + 4*r + 0*r. Let s be a(8). What are the prime factors of q(s)?
3, 7
Let r be (-704)/(-24)*42/4. Suppose z + 81 = 2*z - 3*m, -4*z = -4*m - r. List the prime factors of z.
3, 5
Let w be (6/7)/(6/21). What are the prime factors of (w - (8 - 3)) + 26?
2, 3
Let j(b) = -b**3 + 16*b**2 - 13*b + 5. Let u be j(6). Let v = u + -34. What are the prime factors of v?
11, 23
Suppose 2*i - 1308 = -2*x, 4*x + 10*i = 7*i + 2613. What are the prime factors of x?
3, 7, 31
Let x(f) = -2*f**2 + 30*f + 7. Let p be x(15). Suppose -4*i + 5*y = -53, p*y - 83 = -4*i + 2*y. What are the prime factors of i?
17
List the prime factors of (-7)/(-14)*-16 - -156.
2, 37
Suppose 2 + 4 = 4*y - 2*d, 5 = 5*d. Let b be (-5 - -1)/(y/(-1)). Suppose -30 = -b*u + 52. What are the prime factors of u?
41
Let g be (-152 - 12/4)*-9 - 1. Suppose -g = -8*f - 466. List the prime factors of f.
2, 29
Suppose -70289 = -22*j - 18457. What are the prime factors of j?
2, 19, 31
Suppose -4*y + 4 = 5*u - 2*y, -3*y - 5 = 2*u. Suppose 0 = u*v - 254 + 44. List the prime factors of v.
3, 5, 7
Let n(s) = -s**3 + 11*s**2 + 12*s - 7. What are the prime factors of n(11)?
5
Let x be (6 - 9) + 21 - (3 - 0). What are the prime factors of (-5 - -3) + 5/(x/246)?
2, 5
Suppose 11*u = 7*u + 8. Suppose 3*z + z - 4*k = 732, u*k - 174 = -z. List the prime factors of z.
2, 3, 5
Suppose 61577 = 23*f + 4813. List the prime factors of f.
2, 617
Let z(n) = n**2 - 34*n - 74. What are the prime factors of z(67)?
2137
Let x(n) = 10*n + 1. Let w be 1 + (-3 - (-44*1)/4). List the prime factors of x(w).
7, 13
Let u(y) be the first derivative of 6*y**2 - 5*y + 3. What are the prime factors of u(4)?
43
Let f = -7 + 9. Suppose -6*y + 130 = -y - 2*r, 2*r - 52 = -f*y. List the prime factors of y.
2, 13
Suppose 2 + 43 = 5*z. Suppose -z*k = -520 - 569. What are the prime factors of k?
11
Suppose 42 = -5*o + 262. Let i be 5/3*18*1. Let j = o - i. What are the prime factors of j?
2, 7
Let g(h) be the second derivative of h**4/12 + h**3/2 - 3*h**2/2 + 7*h - 1. Suppose 3*i + 1 = 13. List the prime factors of g(i).
5
Suppose -4*m + l - 59 = 0, 72 = -0*m - 5*m + 3*l. Suppose 2*h - 3*v - 60 = 0, -14*v = -5*h - 10*v + 164. What are the prime factors of (h/(-5))/(6/m)?
2, 3
List the prime factors of -562*((-16)/(-4) + -10 - -5).
2, 281
Let v be (-2)/11 + (-288)/(-132). Suppose -4*k + 2*i = 0, -5*k - v*i + 14 = -i. Let p = k + 1. List the prime factors of p.
3
Suppose 2*q - 211 = -3*k, 3*q + 2*k = 2*q + 108. List the prime factors of q.
2, 7
Let h(d) = -2*d**2 - 21*d - 20. Let v be h(-9). Let u(w) = 23*w - 36. What are the prime factors of u(v)?
5
List the prime factors of (-2)/4*-696 + (-5 - -2).
3, 5, 23
Let j(i) = -2*i**3 - 103*i**2 + 49*i - 114. What are the prime factors of j(-52)?
2, 3, 7
Suppose 6 = 2*p, p = l - 0*p - 60. List the prime factors of 4/(-1*(-3)/l) - -2.
2, 43
Let u be 7 + 0 - 5*8/20. Suppose 2*p - u*g = 150, -p + 75 = 4*g - g. List the prime factors of p.
3, 5
Suppose -2*v + 6 + 6 = 0. Let b be 6/(-9)*v/2. List the prime factors of (-58)/b + (-9 - -12).
2
Suppose 12 = 3*c + c. Suppose -c*q + 4*p = -174, -5*q + 290 = 2*p - p. What are the prime factors of q?
2, 29
Suppose -26100 = -30*r - 6*r. What are the prime factors of r?
5, 29
Suppose -32*r + 29990 = -138330. What are the prime factors of r?
2, 5, 263
Let z(i) = 2037*i**2 + 4*i - 3. List the prime factors of z(1).
2, 1019
Let v be ((-1199)/44)/((-2)/(-16)*-2). Let b = 168 - v. List the prime factors of b.
59
Suppose -520 = -q + 3*s - 200, 0 = 5*q + 2*s - 1617. Let l = q + -190. What are the prime factors of l?
7, 19
Suppose 0 = -5*n - 4*t - 676, 2*n = -2*t - 123 - 149. Let j be (3 + 5/(-2))*n. What are the prime factors of j/(-4)*(-6)/(-9)?
11
Suppose -20*z - 539 = -8879. What are the prime factors of z?
3, 139
Let o(j) = j**3 + 6*j**2 + 2*j + 6. Suppose y - 4*b = -10, 4*y - 3*b + 25 = -2*b. Let t be o(y). Let p(i) = -6*i - 13. What are the prime factors of p(t)?
23
Let i = 441 - 142. What are the prime factors of i?
13, 23
Let v be 10/(-3)*21/7. Let b be (-348)/(-10)*v/(-4). Suppose 2*a + b = 5*a. What are the prime factors of a?
29
Let a = -57 - -26. Let i = 38 + a. List the prime factors of i.
7
Let d(l) = l**2 - l. Let f(y) = -37*y**2 - y - 2. Let w(q) = -2*d(q) - f(q). What are the prime factors of w(-1)?
2, 17
Let t = 300 + 732. What are the prime factors of t?
2, 3, 43
Suppose 48*j + 49*j - 272473 = 0. What are the prime factors of j?
53
Suppose 258 = -x + 1795. What are the prime factors of x?
29, 53
Let r(s) = 3*s + 24. Let u be r(-7). Suppose -169 = -3*h + 5*o + 63, u*h = -4*o + 241. List the prime factors of h.
79
What are the prime factors of (6/2 - (15 + -12)) + 403?
13, 31
Let a = -4 - -8. Let y be 6 + ((-32)/(-14) - (-40)/(-140)). Suppose d = -a*h, -h - 12 = -d + y. List the prime factors of d.
2
Let j(d) = -5*d**3 - 34*d**2 + 2*d + 20. What are the prime factors of j(-8)?
2, 97
Let b = -282 - -530. Let d = b + -167. List the prime factors of d.
3
Let s(n) = 2*n + 7. Let j be s(-5). List the prime factors of -3 - (483/j + -2).
2, 5
Let z(y) = -54*y - 16. Let j be z(-6). Let g = j + -89. List the prime factors of g.
3, 73
What are the prime factors of (-30548)/(-7) - (-6 - -5)?
3, 5, 97
Let o(k) = -75*k - 3. Let b(d) = 75*d + 2. Let t(s) = 4*b(s) + 3*o(s). What are the prime factors of t(1)?
2, 37
What are the prime factors of 1985/10*14 - 0?
7, 397
Let k(v) = v**2 - 2*v - 1. Let n be k(3). Suppose n*i = d, -3*d = -3*i - 4 - 2. Suppose 2*w - 50 = i*o, -4*w - o + 20 = -70. What are the prime factors of w?
23
Suppose -5*f + 5*s - 15 = 0, -f - 1 = s - 4. Let z be f + 3 + 3 - 1. Suppose -32 = -4*h - 4*p, z*h = -0*h + 2*p + 19. List the prime factors of h.
5
Suppose 0 = 10*x - 1661 - 3529. What are the prime factors of x?
3, 173
Suppose -96*f = -100*f + 324. What are the prime factors of f?
3
Let z be -4 - 6/(-3) - 43. Let j = z - -68. Let d = 22 + j. What are the prime factors of d?
3, 5
Suppose -5*u - 192 = -3*h, -2*u = -2*h + 2*u + 128. Let l = h - 40. List the prime 